 8/24 - (-136)/6. Let k = w - 23. Suppose -4*s = 3*n - 110, -n + k*n = s - 37. What is the tens digit of n?
3
Suppose 23*h - 30234 = 9694. What is the hundreds digit of h?
7
Let b = 47 + 3. Let x = 104 + b. What is the units digit of x?
4
Let g = -6 + 14. Suppose -g = 4*r - 16. Suppose 4*v - 5*v = r*k - 65, 0 = -5*k - 2*v + 165. What is the tens digit of k?
3
Let d = -73 - -205. Suppose -d = 5*i + 4*q - 503, -4*q - 55 = -i. What is the tens digit of i?
7
Let f = 73 - 164. Let c = -39 - f. Suppose -c = -i - i. What is the tens digit of i?
2
Suppose 0 = 10*u + 7 - 27. What is the units digit of u + 2 + 1 + 49?
4
Let c = -62 - -67. Suppose c*i - 3*p - 185 = 0, -p + 165 = -0*i + 4*i. What is the units digit of i?
0
Let w = 150 + -70. Let y = w + -167. Let o = y - -142. What is the tens digit of o?
5
Suppose -383*l + 378*l + 225 = 0. What is the tens digit of l?
4
Let u = 934 + 433. What is the tens digit of u?
6
Let l(s) = -s**3 - 2*s**2 + 19*s + 3. What is the tens digit of l(-11)?
8
Let i = 573 + -271. What is the hundreds digit of i?
3
Suppose -u + 19 = -19. Suppose 2*q - 30 = -4*r + 3*q, 4*r + 3*q = u. What is the units digit of r?
8
Suppose y - 5*p = 25, 3*y - y - 24 = -3*p. Let m be 34/12 + 3/18. Suppose 48 = 4*a - d, d + y = -m*a + 4*a. What is the tens digit of a?
1
Let h = 2246 - 1004. What is the tens digit of h?
4
Suppose 0 = -0*r + 5*r, -3*x + 9 = -5*r. Suppose -x*j + 712 = j - 2*i, 0 = 2*i - 8. What is the hundreds digit of j?
1
Let m be (-5)/((-5)/(-18)) - 3. Let h = m - -24. Suppose -h*v + 26 = -31. What is the units digit of v?
9
Let r = -1152 - -1787. What is the hundreds digit of r?
6
Let j = 130 - -194. What is the tens digit of j?
2
Let g(d) = 67*d + 2. Let x be g(1). Suppose -5*h - 66 = x. What is the units digit of (-1 - (0 + h)) + -2?
4
What is the hundreds digit of ((-729)/(-24) + -2)*4*2?
2
Let b = 47 - 52. What is the units digit of -4*(b + 4) + -2?
2
Let u(i) = 4*i**3 + 9*i**2 - 13*i + 56. What is the hundreds digit of u(6)?
1
Let v = -21 - -16. Let w = v - -33. What is the units digit of w?
8
Let v be 32/3*((-30)/(-12) + -1). Let y = v - -138. What is the units digit of y?
4
Let x(u) = 4*u - 4. Let m = -4 + 6. Let i be x(m). Suppose 5*k - 5 = i*k. What is the units digit of k?
5
Suppose w = -3*h - 1 - 5, -2*w + h = -9. Let q(v) = 8*v**2 + 2*v. What is the tens digit of q(w)?
7
Let k = -31 + 13. Let g be (-1)/4 - k/8. Suppose 3 = -g*j + 9. What is the units digit of j?
3
Suppose -10 = u + 5. Let b = u - -9. Let g(f) = f**2 + 2*f - 3. What is the tens digit of g(b)?
2
Let i = 2 - 10. Let k be 44/(i/(-4)) - -1. Suppose -2*n + 89 = -k. What is the tens digit of n?
5
Suppose -6 = -2*n - 0*n. Let k be -1 + 4 - 9/n. Suppose k = -2*b - 5*m + 34, 3*b - 48 - 17 = -4*m. What is the tens digit of b?
2
Suppose -2*l = -6*l - 24. What is the units digit of 10/l*108/(-30)?
6
What is the units digit of ((-20)/140 + 3578/7)/1?
1
Let b(u) = 8 - 11*u + 6*u + u**2 - 12*u. Let r be b(16). What is the units digit of ((-10)/r)/((-2)/(-40))?
5
Let m = 428 + -295. What is the units digit of m?
3
Suppose 3*i - 25 = -7. Suppose 1096 = i*r - 272. What is the hundreds digit of r?
2
Let b(w) = -2*w. Let l be b(0). Suppose l = j - 2*a, -3*j - 3*a + 11 = j. Suppose -4*i + 43 = m, -3*m + m + j*i = -86. What is the units digit of m?
3
Let o(v) = -v**2 + 7*v - 9. Let w be o(4). Suppose -w*k + 180 = -180. What is the hundreds digit of k?
1
Let l(w) = 14*w - 32. Let c be l(-10). Let m = 274 + c. What is the hundreds digit of m?
1
Suppose 1827 = 4*a + r, -2*a = 6*r - r - 909. What is the hundreds digit of a?
4
Suppose 0 = -t + 3, -3*t = 4*u - 21 - 0. Suppose 92 = u*r - 76. What is the tens digit of r?
5
Suppose -g + 1 = -1. Suppose -l + 98 = 5*s + 3*l, s - 34 = 4*l. Suppose -g*h = -s - 2. What is the tens digit of h?
1
Let b = -1146 - -1674. What is the units digit of b?
8
Let z be (813/(-9))/(4/(-12)). Suppose -4*d = 4*s + 55 - z, 4*d - 240 = 2*s. What is the tens digit of d?
5
Let k = 296 + -156. Let s be (-2)/(6/(-9)) - -3. Suppose s*l - k = l. What is the tens digit of l?
2
Suppose 0 = -61*c + 64*c - 1017. What is the hundreds digit of c?
3
Let h(n) = -n**2 + 11*n - 20. Let b be h(8). Suppose z - 40 = -3*i, -i = -b*z + 75 + 46. What is the units digit of z?
1
Let i(w) = -248*w + 20. Let u be i(-3). Suppose u = 5*y - 121. What is the tens digit of y?
7
Suppose 5*q + 3 = -g - 3, -q - 18 = -4*g. Let a = 129 - 84. Suppose -g*l + a = -23. What is the units digit of l?
7
Suppose 4*f = n + 3*n + 860, -4*n + f - 860 = 0. What is the tens digit of (6/36)/1 - n/6?
3
Suppose -4*s = 4*h, -4*h + 4*s - 6*s = 8. Let f(r) = -2*r**3 - 3*r**2 - 7*r - 4. What is the units digit of f(h)?
4
Let z(q) = 11*q - 4. Suppose -3*n = -3*c + 6, -3*n + 26 = -n + 4*c. Let t be z(n). Let u = t - 16. What is the units digit of u?
3
Let x(k) = 177*k - 159. What is the thousands digit of x(9)?
1
Suppose 43 = 3*p + 7. Let c = p - 8. Suppose -4*l + 3*l = c, 0 = 3*d - l - 118. What is the units digit of d?
8
Let w be (-2)/(1/3 - 1). Suppose 3*x + w*x = 450. Suppose 3*s - 228 + x = 0. What is the units digit of s?
1
What is the thousands digit of (0 + 681)*(-3)/(-3)*3?
2
Suppose 2*g + 273 = -13*l + 10*l, -511 = 4*g - l. Let d = g - -299. What is the units digit of d?
0
Let d be -3 + 20/5 - -647. Suppose -4*k + d = -4*o, 132 + 5 = k + 4*o. What is the hundreds digit of k?
1
Let n(j) = j**3 - j**2 - 4*j + 2084. What is the thousands digit of n(0)?
2
What is the tens digit of (-25586)/(-99) + 8/(-18) + 4?
6
Suppose u = -35 + 143. Suppose 6*f - u = 36. What is the tens digit of f?
2
Let h be -11*4/(-6)*24. Suppose -d = -54 - h. What is the units digit of d?
0
Let w = 19 + -26. Let z = w - -6. Let s(x) = 37*x**2 - x. What is the tens digit of s(z)?
3
Suppose 3*i + 2 = -10. What is the units digit of (50/i)/(-5)*22?
5
Let l(k) = 382*k - 674. What is the units digit of l(10)?
6
Let s(g) = -g**2 - 17*g + 41. Let z be s(-19). Suppose z*k = -b + 117, 2*b - 2*k - 218 = -0*k. What is the hundreds digit of b?
1
Suppose -2*t = -4*z - 7540, 10*t - 3*z = 5*t + 18850. What is the thousands digit of t?
3
Let c = -394 - -973. What is the units digit of c?
9
Let n(w) = -126*w**3 + 9*w**2 + 7*w + 1. What is the units digit of n(-2)?
1
Let k = 14 - 10. Let u(r) = 14*r - 8. What is the units digit of u(k)?
8
Suppose -5*s = 2*z - 2243 + 576, 5*z - 4214 = 3*s. What is the hundreds digit of z?
8
Let w(s) = 293*s**3 - s**2 + s. Let u be w(1). Suppose -2*l + u = m, -4*m + 3*l + 1614 - 486 = 0. What is the hundreds digit of m?
2
Let j(l) = 2*l**3 - 3*l**2 + 3*l - 4. Let k = 9 - 6. What is the units digit of j(k)?
2
Let q(b) = 19*b + 9. Let f be q(4). What is the units digit of (-18)/(-2)*f/15?
1
Let f = 19 - 1. Suppose m = -m + f. Suppose -51 = -5*w + m. What is the units digit of w?
2
Let a = 903 + -445. Suppose -37*w = -35*w - a. Suppose -r = -5*m + 263, -4*m - 19 + w = -r. What is the units digit of m?
3
Let f be 3/((-12)/(-5))*(10 - 6). Suppose -4*y - f*r + 464 = 0, -242 = 3*y - 5*y - 5*r. What is the tens digit of y?
1
Suppose -1147 = -a - 5*n, -3*n = -4*a + 3004 + 1630. What is the hundreds digit of a?
1
Suppose -2*k - 900 = 2*k. Let m be k/36 + 3/(-4). Let x = 11 + m. What is the units digit of x?
4
Suppose 2*k - 3*k - 2*m + 25 = 0, -6 = 2*m. Suppose -17*f + 13*f + 60 = 0. Let v = k - f. What is the tens digit of v?
1
Let z(r) = 29*r - 2. Let h be z(-5). What is the units digit of (-42)/h - (-348)/7?
0
Suppose 0 = n - 3*n - 2. Let p = n - -8. Suppose 0 = u - m + 1, u + 4*m = 2*u + p. What is the units digit of u?
1
Let r be (-157)/4*-4 + -1 + 0. Let w = r - -48. What is the units digit of w?
4
Suppose -2*h + 6*h + 12 = 4*n, -4*n = -5*h - 11. Let y(k) = 5*k**2 - 5*k + 2. Let m be y(3). Suppose -n*j + m = -2*j. What is the tens digit of j?
1
Suppose -5 = o - 3*q, -5*o - 5*q + 7 = -4*q. What is the tens digit of 2 + (174 - o) + -3?
7
Let v = -794 - -4431. What is the thousands digit of v?
3
Let s(t) = -t**2 + 11*t - 13. Let l be s(10). Let g = 6 - l. Suppose 215 = -4*d + g*d. What is the tens digit of d?
4
Let h(j) = -2*j + 10. Let k be h(4). Suppose 6*r - k*v - 56 = 3*r, 0 = 4*r + 4*v - 108. What is the units digit of r?
2
Let m(z) = 13*z - 8. Let j be m(7). Let f = -42 + j. What is the units digit of f?
1
Suppo